96
1838 (base 9) to base 15
642
What is -36526 (base 8) in base 14?
-5a18
What is 481 (base 9) in base 3?
112201
-2157 (base 10) to base 5
-32112
d020 (base 14) to base 11
24905
Convert 101001110101101 (base 2) to base 9.
32341
What is -2d8c (base 15) in base 13?
-4605
1014 (base 8) to base 11
437
What is -15035 (base 7) in base 10?
-4142
-71d6 (base 15) to base 11
-17085
-54 (base 15) to base 10
-79
-1183 (base 11) to base 5
-22133
Convert -1a25 (base 16) to base 5.
-203233
1113312 (base 5) to base 4
10311320
Convert 17026 (base 10) to base 9.
25317
Convert -102100 (base 5) to base 11.
-2611
What is 21220120 (base 3) in base 16?
1686
110000010010 (base 2) to base 5
44330
Convert 11343 (base 9) to base 8.
16624
-50 (base 8) to base 5
-130
What is 1512 (base 11) in base 8?
3635
b1 (base 15) to base 6
434
7d2 (base 14) to base 10
1556
Convert 134 (base 6) to base 2.
111010
-15a (base 15) to base 7
-622
What is 1012102201 (base 3) in base 4?
11301130
What is 2cd0 (base 15) in base 7?
40056
Convert 18561 (base 9) to base 10.
12853
Convert 2022202 (base 3) to base 2.
11010011110
What is -2262 (base 7) in base 14?
-432
42 (base 10) to base 11
39
-120 (base 16) to base 12
-200
Convert 3647 (base 9) to base 16.
a9c
Convert 400 (base 11) to base 10.
484
1708 (base 9) to base 7
3542
Convert 4104 (base 10) to base 15.
1339
What is 11001000 (base 2) in base 5?
1300
-548 (base 9) to base 14
-241
What is -2725 (base 8) in base 10?
-1493
What is -11775 (base 11) in base 2?
-100001000000101
Convert 15b2 (base 14) to base 15.
123a
What is 11012110 (base 4) in base 5?
1132014
What is -1205 (base 12) in base 4?
-133211
Convert -1141 (base 15) to base 11.
-2829
What is 744 (base 11) in base 3?
1020011
Convert -22134 (base 9) to base 5.
-432232
Convert 348 (base 9) to base 5.
2122
Convert -517 (base 10) to base 8.
-1005
ca6 (base 16) to base 6
22554
-1231130 (base 4) to base 10
-7004
Convert 16449 (base 12) to base 2.
111101111111001
What is 188 (base 10) in base 13?
116
3203232 (base 4) to base 16
38ee
67110 (base 10) to base 7
366441
What is -d2a (base 16) in base 4?
-310222
Convert 2aa9 (base 15) to base 12.
5373
Convert -412 (base 10) to base 4.
-12130
-c649 (base 14) to base 9
-51775
Convert -1326 (base 11) to base 4.
-122322
What is 70751 (base 8) in base 11?
1aa00
Convert -3016 (base 8) to base 14.
-7ca
Convert 10010111001010011 (base 2) to base 8.
227123
-12132 (base 5) to base 7
-2450
-3f5 (base 16) to base 13
-5cc
-2343 (base 5) to base 9
-426
1602 (base 10) to base 4
121002
1169c (base 16) to base 4
101122130
Convert -661 (base 7) to base 3.
-110111
Convert 2b5 (base 12) to base 5.
3200
11a (base 13) to base 12
140
Convert -45b1 (base 15) to base 4.
-3213013
What is -5422 (base 6) in base 12?
-872
What is -210330 (base 5) in base 6?
-52125
Convert -29b (base 16) to base 9.
-821
What is -7488 (base 9) in base 11?
-4157
What is 23010 (base 4) in base 3?
222020
20000 (base 4) to base 12
368
-43451 (base 7) to base 13
-4c3a
What is 532 (base 16) in base 15?
5da
Convert 5e (base 15) to base 9.
108
129 (base 12) to base 9
216
12202120 (base 3) to base 13
1bb1
Convert -e56 (base 15) to base 8.
-6237
Convert 21030221 (base 4) to base 13.
141bc
-30d (base 14) to base 3
-211021
-56b (base 12) to base 6
-3415
Convert 9396 (base 10) to base 7.
36252
-320514 (base 6) to base 11
-18687
Convert -1258 (base 9) to base 2.
-1110110000
What is -1021121221 (base 3) in base 2?
-110001010011011
What is -2a1 (base 15) in base 11?
-4a7
What is 9d66 (base 15) in base 13?
1227c
What is -15917 (base 10) in base 9?
-23745
Convert -7276 (base 15) to base 7.
-130341
Convert 5744 (base 9) to base 14.
179a
-121114 (base 5) to base 9
-6187
Convert -134551 (base 6) to base 4.
-3013003
232 (base 6) to base 3
10102
Convert 1010 (base 6) to base 2.
11011110
What is 4b7a (base 15) in base 3?
211001221
What is 10002201010 (base 3) in base 7?
342624
Convert 17780 (base 9) to base 3.
121212200
Convert -1d8 (base 15) to base 2.
-110101100
Convert -11001100001 (base 2) to base 11.
-1255
10219 (base 10) to base 7
41536
What is -100011010110 (base 2) in base 8?
-4326
What is -6e17 (base 16) in base 8?
-67027
What is 2377 (base 11) in base 3?
11021011
What is -24c (base 15) in base 7?
-1344
-1020222102 (base 3) to base 16
-60c2
What is 33 (base 9) in base 14?
22
-3321233 (base 5) to base 7
-330126
Convert 134 (base 13) to base 4.
3110
What is 133352 (base 6) in base 9?
18065
-17b (base 13) to base 6
-1131
Convert -334403 (base 5) to base 13.
-551a
Convert 220212102 (base 3) to base 4.
10123100
Convert -2416a (base 11) to base 14.
-c97d
Convert -101120 (base 3) to base 6.
-1153
Convert 29a (base 11) to base 7.
1011
11011100100101 (base 2) to base 14
5205
Convert 23102 (base 5) to base 2.
11001110100
What is -66215 (base 7) in base 14?
-607c
What is -569 (base 10) in base 7?
-1442
What is 7d4b (base 14) in base 8?
52477
What is 211132 (base 4) in base 14?
c34
Convert 2012032 (base 4) to base 3.
102210011
Convert -12210120 (base 4) to base 2.
-110100100011000
-553 (base 16) to base 8
-2523
Convert -1213 (base 8) to base 7.
-1620
What is -444423 (base 6) in base 5?
-2143221
What is -1110110000010 (base 2) in base 10?
-7554
What is -1494 (base 13) in base 12?
-1896
What is -240335 (base 6) in base 7?
-114560
Convert 180 (base 15) to base 3.
110210
-32415 (base 6) to base 7
-16022
Convert 98 (base 12) to base 9.
138
Convert 7427 (base 16) to base 4.
13100213
2200002 (base 3) to base 11
150a
Convert 42360 (base 8) to base 9.
26178
What is -80c (base 13) in base 11?
-1030
-41130 (base 9) to base 5
-1331311
What is -20403 (base 7) in base 14?
-1b73
What is -24001 (base 7) in base 11?
-4704
-672 (base 9) to base 15
-26b
31a5 (base 15) to base 16
2909
What is 68334 (base 9) in base 11?
31189
Convert -4010 (base 6) to base 4.
-31212
-101424 (base 6) to base 5
-230102
What is 120234 (base 7) in base 16?
54e4
Convert 28c (base 16) to base 15.
2d7
Convert 61d (base 15) to base 9.
1801
Convert 201220 (base 3) to base 4.
20121
Convert -a5a7 (base 13) to base 5.
-1213302
What is 22210221 (base 3) in base 2?
1100100011000
Convert -1eb8 (base 15) to base 3.
-100012002
What is -1000000110 (base 2) in base 12?
-372
What is 1120111 (base 3) in base 15?
517
215622 (base 8) to base 12
36016
What is 244240 (base 5) in base 8?
22150
-a8 (base 13) to base 7
-255
-26362 (base 8) to base 9
-16704
-111100110101110 (base 2) to base 12
-1603a
-32521 (base 6) to base 8
-10641
What is -71165 (base 8) in base 15?
-8a36
2961 (base 10) to base 14
1117
-23 (base 7) to base 2
-10001
-2644 (base 12) to base 15
-1467
What is -9646 (base 10) in base 9?
-14207
What is 1031 (base 6) in base 5?
1420
Convert 1804 (base 9) to base 8.
2545
What is b2 (base 13) in base 4?
2101
Convert -516 (base 8) to base 13.
-1c9
What is -103 (base 7) in base 10?
-52
What is 649 (base 12) in base 3?
1021010
b912 (base 12) to base 11
142a1
-1357 (base 9) to base 4
-100000
What is 2121 (base 11) in base 13?
137b
Convert 5225 (base 15) to base 9.
25728
What is 1222110 (base 3) in base 2?
10110100011
What is -102011110 (base 3) in base 4?
-1333023
Convert 941 (base 15) to base 16.
826
Convert 335a9 (base 11) to base 9.
73644
Convert -350 (base 6) to base 9.
-163
1220 (base 9) to base 11
757
-4626 (base 12) to base 9
-11633
10010003 (base 4) to base 11
11560
Convert -100 (base 2) to base 3.
-11
What is -22503 (base 6) in base 14?
-1251
-1820 (base 10) to base 11
-1405
What is -5218 (base 11) in base 12?
-4004
3648 (base 10) to base 4
321000
-3054 (base 7) to base 8
-2054
33 (base 15) to base 11
44
Convert 232 (base 12) to base 13.
1c1
-297 (base 11) to base 6
-1340
Convert -747 (base 8) to base 13.
-2b6
What is -33130 (base 7) in base 9?
-12344
Convert -3701 (base 9) to base 16.
-ac3
What is 3832 (base 11) in base 4?
1032010
Convert 75771 (base 9) to base 15.
ed1d
Convert -155503 (base 8) to base 15.
-11971
1093 (base 11) to base 5
21213
Convert 640c (base 15) to base 2.
101001010101010
16 (base 14) to base 8
24
-735 (base 8) to base 13
-2a9
Convert -4 (base 14) to base 2.
-100
Convert 9bf1 (base 16) to base 3.
2000202120
What is 24211 (base 7) in base 6?
45024
Convert 538 (base 9) to base 6.
2012
11101000110001 (base 2) to base 14
5601
What is c94 (base 13) in 